{"id":565,"date":"2017-12-12T20:14:56","date_gmt":"2017-12-12T19:14:56","guid":{"rendered":"https:\/\/www.prefektidurres.gov.al\/?page_id=565"},"modified":"2020-08-06T11:15:20","modified_gmt":"2020-08-06T09:15:20","slug":"organigrama","status":"publish","type":"page","link":"https:\/\/www.prefektidurres.gov.al\/index.php\/organigrama\/","title":{"rendered":"Organigrama"},"content":{"rendered":"<div class=\"vc_row wpb_row vc_row-fluid\"><div class=\"wpb_column vc_column_container vc_col-sm-12\"><div class=\"vc_column-inner \"><div class=\"wpb_wrapper\">\n\t<div class=\"wpb_text_column wpb_content_element \" >\n\t\t<div class=\"wpb_wrapper\">\n\t\t\t<hr \/>\n<h1 style=\"text-align: center;\">Organigrama Struktur\u00ebs<\/h1>\n<h2 style=\"text-align: center;\">Miratuar me urdh\u00ebr nr. 50 n\u00eb date 12.01.2016, t\u00eb Kryeministrit.<\/h2>\n<hr \/>\n<p>&nbsp;<\/p>\n\n\t\t<\/div>\n\t<\/div>\n<\/div><\/div><\/div><\/div><div class=\"vc_row wpb_row vc_row-fluid\"><div class=\"wpb_column vc_column_container vc_col-sm-12\"><div class=\"vc_column-inner \"><div class=\"wpb_wrapper\">\n\t<div  class=\"wpb_single_image wpb_content_element vc_align_center\">\n\t\t\n\t\t<figure class=\"wpb_wrapper vc_figure\">\n\t\t\t<div class=\"vc_single_image-wrapper   vc_box_border_grey\"><img fetchpriority=\"high\" decoding=\"async\" width=\"1989\" height=\"1131\" src=\"https:\/\/www.prefektidurres.gov.al\/wp-content\/uploads\/2020\/08\/Prefektura-durres-organigrama.png\" class=\"vc_single_image-img attachment-full\" alt=\"\" srcset=\"https:\/\/www.prefektidurres.gov.al\/wp-content\/uploads\/2020\/08\/Prefektura-durres-organigrama.png 1989w, https:\/\/www.prefektidurres.gov.al\/wp-content\/uploads\/2020\/08\/Prefektura-durres-organigrama-300x171.png 300w, https:\/\/www.prefektidurres.gov.al\/wp-content\/uploads\/2020\/08\/Prefektura-durres-organigrama-1024x582.png 1024w, https:\/\/www.prefektidurres.gov.al\/wp-content\/uploads\/2020\/08\/Prefektura-durres-organigrama-768x437.png 768w, https:\/\/www.prefektidurres.gov.al\/wp-content\/uploads\/2020\/08\/Prefektura-durres-organigrama-1536x873.png 1536w\" sizes=\"(max-width: 1989px) 100vw, 1989px\" \/><\/div>\n\t\t<\/figure>\n\t<\/div>\n<\/div><\/div><\/div><\/div>\n","protected":false},"excerpt":{"rendered":"<p>Organigrama Struktur\u00ebs Miratuar me urdh\u00ebr nr. 50 n\u00eb date 12.01.2016, t\u00eb Kryeministrit. &nbsp;<\/p>\n","protected":false},"author":1,"featured_media":0,"parent":0,"menu_order":0,"comment_status":"closed","ping_status":"closed","template":"full-width-page.php","meta":{"footnotes":""},"class_list":["post-565","page","type-page","status-publish","hentry"],"aioseo_notices":[],"_links":{"self":[{"href":"https:\/\/www.prefektidurres.gov.al\/index.php\/wp-json\/wp\/v2\/pages\/565","targetHints":{"allow":["GET"]}}],"collection":[{"href":"https:\/\/www.prefektidurres.gov.al\/index.php\/wp-json\/wp\/v2\/pages"}],"about":[{"href":"https:\/\/www.prefektidurres.gov.al\/index.php\/wp-json\/wp\/v2\/types\/page"}],"author":[{"embeddable":true,"href":"https:\/\/www.prefektidurres.gov.al\/index.php\/wp-json\/wp\/v2\/users\/1"}],"replies":[{"embeddable":true,"href":"https:\/\/www.prefektidurres.gov.al\/index.php\/wp-json\/wp\/v2\/comments?post=565"}],"version-history":[{"count":5,"href":"https:\/\/www.prefektidurres.gov.al\/index.php\/wp-json\/wp\/v2\/pages\/565\/revisions"}],"predecessor-version":[{"id":2106,"href":"https:\/\/www.prefektidurres.gov.al\/index.php\/wp-json\/wp\/v2\/pages\/565\/revisions\/2106"}],"wp:attachment":[{"href":"https:\/\/www.prefektidurres.gov.al\/index.php\/wp-json\/wp\/v2\/media?parent=565"}],"curies":[{"name":"wp","href":"https:\/\/api.w.org\/{rel}","templated":true}]}}