{"id":2357,"date":"2021-06-07T21:52:50","date_gmt":"2021-06-07T19:52:50","guid":{"rendered":"https:\/\/www.prefektidurres.gov.al\/?page_id=2357"},"modified":"2025-04-16T15:37:35","modified_gmt":"2025-04-16T13:37:35","slug":"legjislacionii","status":"publish","type":"page","link":"https:\/\/www.prefektidurres.gov.al\/index.php\/legjislacionii\/","title":{"rendered":"LEGJISLACIONI"},"content":{"rendered":"<div class=\"vc_row wpb_row vc_row-fluid\"><div class=\"wpb_column vc_column_container vc_col-sm-12\"><div class=\"vc_column-inner \"><div class=\"wpb_wrapper\">\n\t<div class=\"wpb_text_column wpb_content_element \" >\n\t\t<div class=\"wpb_wrapper\">\n\t\t\t<h2 style=\"text-align: center;\"><strong>LEGJISLACIONET P\u00cbR PREFEKTUR\u00cbN E QARKUT DURR\u00cbS<\/strong><\/h2>\n\n\t\t<\/div>\n\t<\/div>\n<\/div><\/div><\/div><\/div><div class=\"vc_row wpb_row vc_row-fluid\"><div class=\"wpb_column vc_column_container vc_col-sm-12\"><div class=\"vc_column-inner \"><div class=\"wpb_wrapper\"><div class=\"vc_btn3-container vc_btn3-center\" >\n\t<a class=\"vc_general vc_btn3 vc_btn3-size-lg vc_btn3-shape-round vc_btn3-style-3d vc_btn3-block vc_btn3-color-juicy-pink\" href=\"https:\/\/www.prefektidurres.gov.al\/wp-content\/uploads\/2017\/12\/Kushtetuta-e-RSH-e-perditesuar.pdf\" title=\"\" target=\"_blank\">KUSHTETUTA E REPUBLIKES SE SHQIPERISE<\/a><\/div>\n<div class=\"vc_btn3-container vc_btn3-center\" >\n\t<a class=\"vc_general vc_btn3 vc_btn3-size-lg vc_btn3-shape-round vc_btn3-style-3d vc_btn3-block vc_btn3-color-juicy-pink\" href=\"https:\/\/www.prefektidurres.gov.al\/wp-content\/uploads\/2017\/12\/2.-Ligj-139-2015-Per-vetqeverisjen-vendore.pdf\" title=\"\" target=\"_blank\">VETEQEVERISJA VENDORE<\/a><\/div>\n<div class=\"vc_btn3-container vc_btn3-center\" >\n\t<a class=\"vc_general vc_btn3 vc_btn3-size-lg vc_btn3-shape-round vc_btn3-style-3d vc_btn3-block vc_btn3-color-juicy-pink\" href=\"https:\/\/www.prefektidurres.gov.al\/wp-content\/uploads\/2017\/12\/Kodi-i-Procedurave-Administrative-2016.pdf\" title=\"\" target=\"_blank\">KODI_I_PROCEDURAVE ADMINISTRATIVE 2016<\/a><\/div>\n<div class=\"vc_btn3-container vc_btn3-center\" >\n\t<a class=\"vc_general vc_btn3 vc_btn3-size-lg vc_btn3-shape-round vc_btn3-style-3d vc_btn3-block vc_btn3-color-juicy-pink\" href=\"https:\/\/www.prefektidurres.gov.al\/wp-content\/uploads\/2017\/12\/1.-Ligj-107-2016-Per-Prefektin-e-Qarkut.pdf\" title=\"\" target=\"_blank\">LIGJI 107-2016 PER PREFEKTIN E QARKUT<\/a><\/div>\n<div class=\"vc_btn3-container vc_btn3-center\" >\n\t<a class=\"vc_general vc_btn3 vc_btn3-size-lg vc_btn3-shape-round vc_btn3-style-3d vc_btn3-block vc_btn3-color-juicy-pink\" href=\"https:\/\/www.prefektidurres.gov.al\/wp-content\/uploads\/2021\/03\/Ligj-nr.9367-date-7.4.2005-Per-parandalimin-e-konfliktit-te-interesave.pdf\" title=\"\" target=\"_blank\">LIGJI_9632_PARANDALIMI KONFLIKTEVE TE INTERESIT<\/a><\/div>\n<div class=\"vc_btn3-container vc_btn3-center\" >\n\t<a class=\"vc_general vc_btn3 vc_btn3-size-lg vc_btn3-shape-round vc_btn3-style-3d vc_btn3-block vc_btn3-color-juicy-pink\" href=\"https:\/\/www.prefektidurres.gov.al\/wp-content\/uploads\/2017\/12\/Ligj-Nr.-138-dt.17.12.2015-Per-Garantimin-e-integritetit-te-personave-qe-zgjidhen-emerohen-ose-ushtrojne-funksione-publike.pdf\" title=\"\" target=\"_blank\">LIGJI_138_PER GARANTIMIN E INTEGRITETIT<\/a><\/div>\n<div class=\"vc_btn3-container vc_btn3-center\" >\n\t<a class=\"vc_general vc_btn3 vc_btn3-size-lg vc_btn3-shape-round vc_btn3-style-3d vc_btn3-block vc_btn3-color-juicy-pink\" href=\"https:\/\/www.prefektidurres.gov.al\/wp-content\/uploads\/2017\/12\/Ligj-Nr.-152-2014-Per-Nepunesin-Civil.pdf\" title=\"\" target=\"_blank\">LIGJI_152_PER NENPUNSIN CIVIL<\/a><\/div>\n<div class=\"vc_btn3-container vc_btn3-center\" >\n\t<a class=\"vc_general vc_btn3 vc_btn3-size-lg vc_btn3-shape-round vc_btn3-style-3d vc_btn3-block vc_btn3-color-juicy-pink\" href=\"https:\/\/www.prefektidurres.gov.al\/wp-content\/uploads\/2017\/12\/Ligj-Nr.-9131-date-8.9.2003-Per-rregullat-e-Etikes-ne-Adm-Publike.pdf\" title=\"\" target=\"_blank\">LIGJI_9131_PER RREGULLAT E ETIKES NE ADMINISTRAT<\/a><\/div>\n<div class=\"vc_btn3-container vc_btn3-center\" >\n\t<a class=\"vc_general vc_btn3 vc_btn3-size-lg vc_btn3-shape-round vc_btn3-style-3d vc_btn3-block vc_btn3-color-juicy-pink\" href=\"https:\/\/www.prefektidurres.gov.al\/wp-content\/uploads\/2017\/12\/Rregullore-e-Brendshme-per-Institucionin-e-Prefektit-Qarkut-Durr\u00ebs.pdf\" title=\"\" target=\"_blank\">LIGJI_9367_PER PARANDALIMIN E KONFLIKTIT TE INTERESAVE<\/a><\/div>\n<div class=\"vc_row wpb_row vc_inner vc_row-fluid\"><div class=\"wpb_column vc_column_container vc_col-sm-4\"><div class=\"vc_column-inner \"><div class=\"wpb_wrapper\"><div class=\"vc_btn3-container vc_btn3-center\" >\n\t<a class=\"vc_general vc_btn3 vc_btn3-size-lg vc_btn3-shape-square vc_btn3-style-3d vc_btn3-block vc_btn3-color-success\" href=\"https:\/\/www.prefektidurres.gov.al\/wp-content\/uploads\/2017\/12\/Ligj-Nr.8756-dat\u00eb-26.03.2001-Per-Emergjencat-Civile-ndryshuar-2009.pdf\" title=\"\" target=\"_blank\">EMERGJENCA CIVILE<\/a><\/div>\n<\/div><\/div><\/div><div class=\"wpb_column vc_column_container vc_col-sm-4\"><div class=\"vc_column-inner \"><div class=\"wpb_wrapper\"><\/div><\/div><\/div><div class=\"wpb_column vc_column_container vc_col-sm-4\"><div class=\"vc_column-inner \"><div class=\"wpb_wrapper\"><div class=\"vc_btn3-container vc_btn3-center\" >\n\t<a class=\"vc_general vc_btn3 vc_btn3-size-lg vc_btn3-shape-square vc_btn3-style-3d vc_btn3-block vc_btn3-color-success\" href=\"https:\/\/www.prefektidurres.gov.al\/wp-content\/uploads\/2017\/12\/2-Plani-Kombetar-per-Emergjencat-Civile.pdf\" title=\"\" target=\"_blank\">PLANI KOMB\u00cbTAR<\/a><\/div>\n<\/div><\/div><\/div><\/div><\/div><\/div><\/div><\/div><div class=\"vc_row wpb_row vc_row-fluid\"><div class=\"wpb_column vc_column_container vc_col-sm-12\"><div class=\"vc_column-inner \"><div class=\"wpb_wrapper\">\n\t<div class=\"wpb_raw_code wpb_content_element wpb_raw_html\" >\n\t\t<div class=\"wpb_wrapper\">\n\t\t\t          <table>\n              <tr><td style=\"text-align: center;\"><canvas id=\"canvas_tt60be7e689ba83\" width=\"250\" height=\"250\"><\/canvas><\/td><\/tr>\n              <tr><td style=\"text-align: center; font-weight: bold\"><a href=\"\/\/24timezones.com\/Tirana\/time\" style=\"text-decoration: none\" class=\"clock24\" id=\"tz24-1623096936-c1284-eyJzaXplIjoiMjUwIiwiYmdjb2xvciI6IjAwMDBGRiIsImxhbmciOiJlbiIsInR5cGUiOiJhIiwiY2FudmFzX2lkIjoiY2FudmFzX3R0NjBiZTdlNjg5YmE4MyJ9\" title=\"local time in Tirana\" target=\"_blank\">Koha n\u00eb Durr\u00ebs<\/a><\/td><\/tr>\n          <\/table>\n<script type=\"text\/javascript\" src=\"\/\/w.24timezones.com\/l.js\" async><\/script>\n\n\t\t<\/div>\n\t<\/div>\n<\/div><\/div><\/div><\/div><div class=\"vc_row wpb_row vc_row-fluid\"><div class=\"wpb_column vc_column_container vc_col-sm-12\"><div class=\"vc_column-inner \"><div class=\"wpb_wrapper\">\n\t<div class=\"wpb_raw_code wpb_content_element wpb_raw_html\" >\n\t\t<div class=\"wpb_wrapper\">\n\t\t\t<a href=\"http:\/\/kruja.gov.al\/\"><img decoding=\"async\" class=\"alignnone wp-image-515\" src=\"https:\/\/www.prefektidurres.gov.al\/wp-content\/uploads\/2017\/12\/Bashkia-Kruje.jpg\" alt=\"\" width=\"96\" height=\"84\" \/><\/a>\u00a0 \u00a0 \u00a0<a href=\"http:\/\/www.durres.gov.al\/\"><img decoding=\"async\" class=\"alignnone wp-image-514\" src=\"https:\/\/www.prefektidurres.gov.al\/wp-content\/uploads\/2017\/12\/Bashkia-Durres.jpeg\" alt=\"\" width=\"84\" height=\"84\" \/><\/a>\u00a0 \u00a0 \u00a0<a href=\"https:\/\/www.kryeministria.al\/\"><img decoding=\"async\" class=\"alignnone wp-image-517\" src=\"https:\/\/www.prefektidurres.gov.al\/wp-content\/uploads\/2017\/12\/Kryeministria.jpeg\" alt=\"\" width=\"94\" height=\"94\" \/><\/a>\u00a0 \u00a0 \u00a0<a href=\"https:\/\/www.parlament.al\/\"><img loading=\"lazy\" decoding=\"async\" class=\"alignnone wp-image-518\" src=\"https:\/\/www.prefektidurres.gov.al\/wp-content\/uploads\/2017\/12\/Kuvendi.png\" alt=\"\" width=\"125\" height=\"87\" \/><\/a>\u00a0 \u00a0 \u00a0<a href=\"https:\/\/www.google.al\/url?sa=t&amp;rct=j&amp;q=&amp;esrc=s&amp;source=web&amp;cd=1&amp;cad=rja&amp;uact=8&amp;ved=0ahUKEwjrssWtqITYAhWBDBoKHddOCvMQFggkMAA&amp;url=https%3A%2F%2Fwww.kryeministria.al%2F&amp;usg=AOvVaw0iRVOcjsByZM42CNcptG5w\"><img loading=\"lazy\" decoding=\"async\" class=\"alignnone size-full wp-image-516\" src=\"https:\/\/www.prefektidurres.gov.al\/wp-content\/uploads\/2017\/12\/Keshilli-i-ministrave.jpeg\" alt=\"\" width=\"100\" height=\"100\" \/><\/a>\u00a0 \u00a0\u00a0<a href=\"http:\/\/www.mod.gov.al\/\"><img loading=\"lazy\" decoding=\"async\" class=\"alignnone wp-image-519\" src=\"https:\/\/www.prefektidurres.gov.al\/wp-content\/uploads\/2017\/12\/Ministria-e-Mbrojtjes.jpg\" alt=\"\" width=\"122\" height=\"94\" \/><\/a>\u00a0 \u00a0 \u00a0<a href=\"http:\/\/www.avokatipopullit.gov.al\/\"><img loading=\"lazy\" decoding=\"async\" class=\"alignnone size-full wp-image-521\" src=\"https:\/\/www.prefektidurres.gov.al\/wp-content\/uploads\/2017\/12\/Avokati-Popullit.png\" alt=\"\" width=\"100\" height=\"100\" \/><\/a>\u00a0 \u00a0 \u00a0<a href=\"https:\/\/www.prefektidurres.gov.al\"><img loading=\"lazy\" decoding=\"async\" class=\"alignnone wp-image-413\" src=\"https:\/\/www.prefektidurres.gov.al\/wp-content\/uploads\/2017\/12\/1604521_1420023151610093_6937346050266237032_n-1.jpg\" alt=\"\" width=\"85\" height=\"76\" srcset=\"https:\/\/www.prefektidurres.gov.al\/wp-content\/uploads\/2017\/12\/1604521_1420023151610093_6937346050266237032_n-1.jpg 860w, https:\/\/www.prefektidurres.gov.al\/wp-content\/uploads\/2017\/12\/1604521_1420023151610093_6937346050266237032_n-1-300x268.jpg 300w, https:\/\/www.prefektidurres.gov.al\/wp-content\/uploads\/2017\/12\/1604521_1420023151610093_6937346050266237032_n-1-768x687.jpg 768w\" sizes=\"(max-width: 85px) 100vw, 85px\" \/><\/a>\u00a0 \u00a0 \u00a0<a href=\"http:\/\/president.al\/\"><img loading=\"lazy\" decoding=\"async\" class=\"alignnone wp-image-520\" src=\"https:\/\/www.prefektidurres.gov.al\/wp-content\/uploads\/2017\/12\/logo_defaut.png\" alt=\"\" width=\"100\" height=\"56\" \/><\/a>\n\t\t<\/div>\n\t<\/div>\n<\/div><\/div><\/div><\/div>\n","protected":false},"excerpt":{"rendered":"<p>LEGJISLACIONET P\u00cbR PREFEKTUR\u00cbN E QARKUT DURR\u00cbS KUSHTETUTA E REPUBLIKES SE SHQIPERISE VETEQEVERISJA VENDORE KODI_I_PROCEDURAVE ADMINISTRATIVE 2016 LIGJI 107-2016 PER PREFEKTIN E QARKUT LIGJI_9632_PARANDALIMI KONFLIKTEVE TE INTERESIT LIGJI_138_PER GARANTIMIN E INTEGRITETIT LIGJI_152_PER NENPUNSIN CIVIL LIGJI_9131_PER RREGULLAT E ETIKES NE ADMINISTRAT LIGJI_9367_PER PARANDALIMIN E KONFLIKTIT TE INTERESAVE EMERGJENCA CIVILE PLANI KOMB\u00cbTAR Koha n\u00eb Durr\u00ebs \u00a0 \u00a0 \u00a0\u00a0...<\/p>\n","protected":false},"author":1,"featured_media":0,"parent":0,"menu_order":0,"comment_status":"closed","ping_status":"closed","template":"full-width-page.php","meta":{"footnotes":""},"class_list":["post-2357","page","type-page","status-publish","hentry"],"aioseo_notices":[],"_links":{"self":[{"href":"https:\/\/www.prefektidurres.gov.al\/index.php\/wp-json\/wp\/v2\/pages\/2357","targetHints":{"allow":["GET"]}}],"collection":[{"href":"https:\/\/www.prefektidurres.gov.al\/index.php\/wp-json\/wp\/v2\/pages"}],"about":[{"href":"https:\/\/www.prefektidurres.gov.al\/index.php\/wp-json\/wp\/v2\/types\/page"}],"author":[{"embeddable":true,"href":"https:\/\/www.prefektidurres.gov.al\/index.php\/wp-json\/wp\/v2\/users\/1"}],"replies":[{"embeddable":true,"href":"https:\/\/www.prefektidurres.gov.al\/index.php\/wp-json\/wp\/v2\/comments?post=2357"}],"version-history":[{"count":6,"href":"https:\/\/www.prefektidurres.gov.al\/index.php\/wp-json\/wp\/v2\/pages\/2357\/revisions"}],"predecessor-version":[{"id":3387,"href":"https:\/\/www.prefektidurres.gov.al\/index.php\/wp-json\/wp\/v2\/pages\/2357\/revisions\/3387"}],"wp:attachment":[{"href":"https:\/\/www.prefektidurres.gov.al\/index.php\/wp-json\/wp\/v2\/media?parent=2357"}],"curies":[{"name":"wp","href":"https:\/\/api.w.org\/{rel}","templated":true}]}}